2*v(i). Determine k(-1).
-8
Let g(c) = 10*c**3 - 2*c**2 + c. Let k(n) = -n**2 + 7*n + 2. Let w be k(7). Suppose p - w = 3*u, 4*u + 0*p + p = 9. What is g(u)?
9
Let s(q) = -q**3 + 8*q**2 - 7*q - 3. Suppose 2*r = -36 + 50. Give s(r).
-3
Let f(r) be the first derivative of 2*r**3/3 - 9*r**2/2 - 2*r - 2. Let n(c) = c**2 - 8*c - 2. Let h(k) = -2*f(k) + 3*n(k). Determine h(-6).
-2
Let w(b) be the second derivative of -b**3/3 + b**2 - b. Let i be ((-20)/(-8))/((-1)/(-10)). Suppose i*g = 20*g + 15. Calculate w(g).
-4
Let w(x) = 2*x**3 + 5*x**2 + 2*x + 1. Suppose 3*t + 5*m + 10 = -2*t, m + 11 = -4*t. Determine w(t).
-14
Let g(y) = 1 - 2 + 3*y + 5*y - y. Let q(m) = m**3 - 5*m**2 + 4*m - 1. Let j be q(4). Let p be -4 + 2 - (-2 + j). Give g(p).
6
Let b(p) = -p**3 - 13*p**2 - 11*p + 13. Let q(k) = -5*k + 3. Let r be q(3). Let y be b(r). Let n(w) = 7*w**2 + w. Give n(y).
8
Let v(m) = m**2 - 8*m. Let i(f) = -5*f - 2. Let s be i(-2). Suppose -s*a = -3*a - 25. Give v(a).
-15
Let t(q) = -7*q**3 + 2*q**2 - 1. Let h = -43 - -44. Determine t(h).
-6
Let l(a) = 3*a - 3. Let b(h) = -6*h + 6. Let w(x) = 2*b(x) + 5*l(x). Suppose -5*r + 4 = 3*o - 0*r, 4 = -4*r. Determine w(o).
6
Let p(h) = 7*h - 8. Let q(n) = 8*n - 9. Let z(b) = 5*p(b) - 4*q(b). Determine z(5).
11
Suppose -3*j + 0 = -9. Let m(z) = -2 + 1 + 0 - z**3 + 2*z + j*z**3 + 4*z**2. Determine m(-2).
-5
Let v(q) = -q**3 - 4*q**2 + 6*q - 2. Let w be v(-5). Let b be w/1*(-2)/7. Let j(s) = -s**3 + s**2 - s. Give j(b).
-6
Let k = 14 + -20. Let q(a) = 2*a - 21. Let r(p) = -p + 14. Let d(g) = -5*q(g) - 8*r(g). Determine d(k).
5
Let y(f) be the second derivative of 3/2*f**2 + 0 - 8*f - 1/2*f**3 - 1/6*f**4. Calculate y(-3).
-6
Let v = -1 - -5. Suppose -h = -v*h. Let a(d) = h + d - 6 + 0*d + d. Determine a(5).
4
Let o(m) = -m**2 - 15*m - 19. Let d be o(-14). Let v(h) = -h - 1. Let s be v(-4). Let k(p) = 4*p**3 - 5*p**s - 6*p**2 - 5 - 2*p - 4*p. Give k(d).
0
Let a(n) = 3*n**2 + 2*n + 1. Let q(f) = f**3 - 7*f**2 + 5*f + 5. Let o be q(6). Let p be a(o). Let x(z) = -4*z + 4*z - 2*z. What is x(p)?
-4
Let w(y) = -y - 1. Suppose 21*s = 15*s + 42. What is w(s)?
-8
Let z(x) = -x**3 + 2*x**3 - 5*x**2 + 0*x**3 + 4 - 7*x. Suppose 6*y - 2 - 34 = 0. Determine z(y).
-2
Suppose a - 28 = -3*n, -3 - 9 = -3*n + 3*a. Let v = n + -13. Let w(u) = 2*u + 5. Determine w(v).
-5
Let y(b) = -5*b**3 + 14*b**2 + 6*b + 8. Let n(f) = -4*f**3 + 12*f**2 + 6*f + 7. Let h(d) = -4*n(d) + 3*y(d). What is h(7)?
3
Let h(w) = -4*w**2 + 3 + w + 0*w**2 + 4*w + 3*w**2. Let y be (-14)/(-7)*(0 + 3). What is h(y)?
-3
Let i(m) = -m + 4. Let h be i(4). Suppose h = -s + 9 - 4. Let z(a) = a**3 - 5*a**2 - a + 1. Calculate z(s).
-4
Let k(l) = l**3 + 4*l**2 + 2*l. Let w be k(-3). Suppose -w*m = m. Let q(o) = -o + 5. Calculate q(m).
5
Let s = -3 + 5. Let p(w) = -2 + s - w + 8*w**2. Give p(1).
7
Let f(p) = p**3 - 2*p**2 - 2*p. Let u = 1 + 1. Suppose -u*d + 1 = -3. Determine f(d).
-4
Let b(f) be the second derivative of -f**3 + 0 - 3*f**2 + 3*f - 1/12*f**4. Determine b(-4).
2
Let l = -21 + 16. Let f(z) = 2*z + 6. What is f(l)?
-4
Suppose 3*l = 10 + 5. Let v(b) = -b**2 + 3*b + 5. Give v(l).
-5
Suppose -3 = i + 2. Let d(y) = 4*y + 7. Determine d(i).
-13
Let u(a) be the first derivative of a**2 - 5. Let y be (-2 - (1 + -2))*7. Let r = 4 + y. Give u(r).
-6
Suppose -4 = -6*f + 4*f. Let b(q) = 3 + 1 - 2*q**3 + 3*q**3 - f - q**2. Determine b(0).
2
Suppose -5*s + 4*p = -14, s + 0*p = -4*p + 22. Let w be 4/s + (-1)/(-3). Suppose 0 = -r + 4 + w. Let j(l) = 2*l - 4. Determine j(r).
6
Let j(v) = -v - 1. Let h(p) = 6*p + 7. Let r(f) = -2*h(f) - 14*j(f). Calculate r(-2).
-4
Let h(o) be the first derivative of -o**6/45 - o**4/24 - 5*o**3/3 - 3. Let m(k) be the third derivative of h(k). Give m(-1).
-9
Let s(t) = -2*t**2 - 3*t - 3. Let x = -46 + 44. Determine s(x).
-5
Suppose n + 0 = -y + 6, -y = -4*n + 4. Let w be (1 - y) + (-6)/(-6). Let x(k) = k. Give x(w).
-2
Let s(m) be the third derivative of -m**5/60 + m**4/12 - m**3/2 + m**2. Let r be (-144)/14 + (-2)/(-7). Let u be -1 + r/(-2) + -2. Calculate s(u).
-3
Let g(y) be the third derivative of 0*y - 2*y**2 + 0 + 1/3*y**3 + 1/6*y**4 + 1/20*y**5. Suppose 3*n = -2*s, -4*s + 5 = -n - 3*s. Give g(n).
6
Suppose 5*f - 10 = -35. Let k(j) be the third derivative of j**4/12 + 5*j**3/6 - 3*j**2. Calculate k(f).
-5
Let p(b) = -b + 3. Let x = 13 - 7. Suppose x*o - o = 20. What is p(o)?
-1
Let u(d) = 16*d + 0 - 12*d - d**2 + 3. Suppose 0 = -4*n + 4. Let t = 6 - n. Calculate u(t).
-2
Let l(i) be the first derivative of -3*i**4/4 - i**2/2 + 35. Give l(-1).
4
Let p(y) = -158 - 7*y + 79 + 72 - y**2. What is p(-5)?
3
Let a(t) = -t**3 - 4*t**2 - 4*t - 4. Let h be (-26)/(-12) - 3/18. Let n be ((-18)/3)/(h*1). Calculate a(n).
-1
Let c(p) be the third derivative of p**6/120 + p**5/12 + p**4/24 - p**3/6 + 15*p**2. Calculate c(-5).
-6
Let k be 6 + -7 - (1 + 2). Let f(w) = -2*w + 2. What is f(k)?
10
Let h(i) = i + 3. Suppose 8*q = 3*q + 35. Suppose 4*x = -5*p + 13, 0 = -4*x - 4*p + q + 1. Calculate h(x).
0
Let o(x) = -31*x**2 + x - 8. Let z(d) = 11*d**2 + 3. Let i(u) = 6*o(u) + 17*z(u). Let w = -6 - -3. What is i(w)?
-6
Let a(g) be the third derivative of -g**6/120 - g**4/24 - 7*g**3/6 - 5*g**2. Let x(c) = c**2 - 7*c + 6. Let z be x(6). What is a(z)?
-7
Let w(v) = 2*v**2 - 4*v**3 + 5*v**3 - v**2 + 1. Let m(j) = -4*j + 20. Let a be m(5). Calculate w(a).
1
Let f(k) be the first derivative of -k**2/2 + 2*k - 1. Let b be 0 + 0 - (-4)/4. Suppose 5*x - 2*c = 4 - 6, 2*x - c = -b. Calculate f(x).
2
Let r be -3*2/(-12)*-4. Let u = 5 + r. Let p be (-1)/(-3)*0 - u. Let m(q) = -q**2 - 4*q - 4. Give m(p).
-1
Suppose 2*c + c + 9 = 0. Let m be 2/c*27/(-6). Let s(f) = -f**2 + 4*f + 1. Determine s(m).
4
Let c(t) be the first derivative of -t**2/2 - t + 9. Determine c(-7).
6
Let r = -39 + 46. Let u(i) be the second derivative of -i**4/12 + 7*i**3/6 + i**2/2 - 2*i. Give u(r).
1
Let s = 25 - 22. Let u(g) be the second derivative of -g**5/20 + g**4/4 - g**3/2 + g. What is u(s)?
-9
Let a(f) = -f**2 + 2*f + 4. Let w be a(3). Let h(g) = g**2 + 1 - 3*g**2 + 0*g**2 + 8*g**2. Determine h(w).
7
Let y(l) be the third derivative of -l**5/60 + l**4/24 + l**3/2 + 9*l**2. Give y(4).
-9
Let x(v) = 3*v**2 + 2. Let c(z) = -5*z**2 - z - 4. Let m(q) = -4*c(q) - 7*x(q). Determine m(6).
-10
Let f(g) = g**3 - 4*g**2 + g - 2. Let o be f(4). Let w(t) = -t - 1 + 3 - 1 - o. What is w(3)?
-4
Let v(t) = 2*t + 8. Let s be v(-6). Let m be 48/21 - s/(-14). Let f(j) = -2*j**m - j**3 + 0 + 3*j + 2*j + 3. What is f(-3)?
-3
Let l(x) = -3*x - 6. Let v(f) = -3*f - 25. Let m be v(-7). Give l(m).
6
Let h be (-1 - -2) + (8 - (9 - 4)). Let i(t) = -t**2 - t + 1. Let z(r) = -r**2 - 7*r + 7. Let a(k) = 2*i(k) - z(k). Give a(h).
-1
Suppose -4*d - 3 = -11. Let t(j) = 6 + 2*j**d + 3*j**2 - 4*j**2 - 8*j + 13*j. Determine t(-5).
6
Let p(o) = o**2 - 5*o - 4. Let a be p(6). Let s(r) = -r**2 + a*r**3 + 5 + 5*r**3 + 8*r - 8*r**3 - 3*r**2. What is s(-5)?
-10
Let m(s) = s - 4 + 1 + 1. Let b = -9 + 14. Determine m(b).
3
Let t(z) = -z**2 + 4*z - 6. Let w = 8 - 3. Determine t(w).
-11
Let t(r) be the third derivative of -r**4/24 + r**3/2 + 2*r**2. Let j = 4 + 1. Suppose -j*z + 0*z + 15 = 0. Calculate t(z).
0
Suppose -2*c = 2*s, -3 + 1 = -3*c - 2*s. Let x(g) = -g + 1. Let w(j) = -9*j + 2. Let p(n) = w(n) - 4*x(n). Calculate p(c).
-12
Let j(h) = h**3 - h**2 - 2*h. Suppose 2*q = 0, 3*k - 75 = -2*k - 5*q. Suppose -3*z = 2*z - k. Give j(z).
12
Let j(s) = -8*s**2 + 10*s + 2. Let b(l) = -l**2 + l + 1. Suppose -y + 4*y = 18. Let f(a) = y*b(a) - j(a). Give f(3).
10
Suppose -4*w = -0*i - i + 3, -i = 2*w - 3. Suppose -2*a + 6 = 2*x, i*x - 2 = -a + 1. Let q(y) = y - 3. Calculate q(x).
-3
Let t(n) be the third derivative of n**4/24 - 2*n**3/3 + 7*n**2. Calculate t(4).
0
Let f(u) = u**2 + 1. Let a(y) = -8*y - 3. Let v(q) = a(q) - f(q). Suppose 0 = -3*j + 5*r + 10 - 43, -12 = 4*j + 4*r. Calculate v(j).
8
Let v(u) = -u**2 + 8*u - 3. Let r(x) = -x**3 - x**2 - 8*x + 7. Let o be r(0). Determine v(o).
4
Let b(u) = 1945*u + 4 - 1945*u - u**2. Determine b(3).
-5
Let q(g) = g**3 - g**2 - g. Let t = -75 - -74. What is q(t)?
-1
Suppose 3*k + 6 = -0*y + y, 0 = -4*y - 4*k + 8. Let o(d) = -2 - 2 + d**y + 3*d**2 - 2*d + d. Give o(-3).
-1
Let l(a) = a**2 - a - 1 + 3 + 3